 4c25?
4b48
In base 9, what is 2 - -6640842?
6640844
In base 11, what is -47 - -25848?
25801
In base 4, what is -10 + -113103230012?
-113103230022
In base 16, what is -28f86 - 20f4?
-2b07a
In base 16, what is -101f49 + -196?
-1020df
In base 9, what is -108 - 367881?
-368100
In base 7, what is -44045616 + -2?
-44045621
In base 16, what is 43e - -73ac?
77ea
In base 6, what is -1000421021 + 54?
-1000420523
In base 13, what is -1b14753 - -4?
-1b1474c
In base 2, what is 10111111101111100000001 - 0?
10111111101111100000001
In base 13, what is -6 - 4179889?
-4179892
In base 8, what is -4251467 - -2?
-4251465
In base 3, what is -2002112100211 + 2102?
-2002112021102
In base 7, what is 352102 + -2325?
346444
In base 15, what is 2541 + 459?
299a
In base 15, what is 12eb2c + -2a?
12eb02
In base 9, what is -365521 - 72?
-365603
In base 2, what is 100111001111101100101100 + -10?
100111001111101100101010
In base 13, what is 153c7 - 78?
1534c
In base 13, what is -7c46a + -2ab?
-7c748
In base 14, what is 12c9ca + 6?
12c9d2
In base 7, what is 5364242 + -25?
5364214
In base 8, what is 120260 + -6351?
111707
In base 15, what is c265d - b?
c2652
In base 13, what is 3a9 + -6bcc5?
-6b919
In base 5, what is 3013212 + 11?
3013223
In base 9, what is -647184501 - 3?
-647184504
In base 6, what is 5 + 5315544035?
5315544044
In base 11, what is -189719 + -8?
-189726
In base 12, what is 9a9b20 + 36?
9a9b56
In base 15, what is -5314 + 11a1?
-4163
In base 15, what is -ebe09 - 4?
-ebe0d
In base 8, what is 1 + -4272?
-4271
In base 16, what is -68 - 240fa6?
-24100e
In base 10, what is 3 - 2465480?
-2465477
In base 14, what is 7d99 - -5504?
d49d
In base 14, what is c1 - -48bb2?
48c93
In base 13, what is 22 - 225aba?
-225a98
In base 15, what is 262a9 - 86?
26223
In base 16, what is -102a9 + 4e?
-1025b
In base 15, what is -61b6449 + 5?
-61b6444
In base 5, what is -232130 + -1233?
-233413
In base 11, what is 44a20aa4 - -3?
44a20aa7
In base 8, what is 60526 + -2600?
55726
In base 2, what is 10011001 + -10111110100000001?
-10111110001101000
In base 3, what is 22211010 - -1100102?
101011112
In base 14, what is -4 + 7aab0c?
7aab08
In base 9, what is -526 - 105736?
-106363
In base 2, what is 1 - 10001100111001100000011010?
-10001100111001100000011001
In base 4, what is 120210020 - -1020?
120211100
In base 2, what is -11001101010000000110000011101 - 1?
-11001101010000000110000011110
In base 14, what is -d111cc - -2?
-d111ca
In base 7, what is -13 + -15423233?
-15423246
In base 5, what is -33413403 - -403?
-33413000
In base 16, what is -f8f - -1e97?
f08
In base 8, what is 175 - 241654?
-241457
In base 15, what is 1ba13a7a + -3?
1ba13a77
In base 14, what is db6c89 + -a?
db6c7d
In base 15, what is -2 - 9b977?
-9b979
In base 8, what is 4045702 + 12?
4045714
In base 2, what is 1010000011101 + -1101011110101?
-11011011000
In base 4, what is 2 + -132331002200?
-132331002132
In base 16, what is -2 - -1a67d5?
1a67d3
In base 10, what is 12145937 - 5?
12145932
In base 11, what is 404a660 + 7?
404a667
In base 3, what is -12 + -22202200002?
-22202200021
In base 10, what is 9 - 5094882?
-5094873
In base 7, what is 161131626 + -61?
161131535
In base 6, what is -30425 - -500113?
425244
In base 12, what is a4ba35 + 2?
a4ba37
In base 15, what is -be0 + -147d?
-216d
In base 11, what is 596425 - 98?
596338
In base 15, what is 86b52 + 1?
86b53
In base 11, what is -126a06 + -42?
-126a48
In base 13, what is 185931 + -34?
1858ca
In base 13, what is -2b1 + -46460?
-46741
In base 4, what is -12302130033 - 22?
-12302130121
In base 14, what is b5a1db8 + -3?
b5a1db5
In base 5, what is -113322002313 - 4?
-113322002322
In base 3, what is 120001 + 100211022?
101101100
In base 10, what is 690792 - 1?
690791
In base 4, what is 23312 + 3121123?
3211101
In base 5, what is -132222442041 - 0?
-132222442041
In base 8, what is -3670161 + -2?
-3670163
In base 3, what is -2012000111002 - -1101111?
-2011222002121
In base 7, what is -3 - 135155061?
-135155064
In base 14, what is 2929516 - -8?
2929520
In base 3, what is 21 + 2211001022?
2211001120
In base 4, what is -222331000 + 123?
-222330211
In base 9, what is 1 - 272652583?
-272652582
In base 4, what is 30223313303 + -10?
30223313233
In base 13, what is -108 + 1202a?
11c22
In base 14, what is -2281ad - 214?
-2283c3
In base 4, what is 1212230 - -2110331?
3323221
In base 6, what is -43040250 + 30?
-43040220
In base 15, what is -5 + -988c0d3?
-988c0d8
In base 14, what is -a20c - 5b7c?
-11d8a
In base 8, what is 1650 - 10045?
-6175
In base 4, what is -22012202 - 21321?
-22100123
In base 3, what is 221022110 - -202?
221100012
In base 11, what is 86162 + 2a?
86191
In base 4, what is 1212 + 32110222330?
32110230202
In base 15, what is -30c31 - 81a?
-3154b
In base 7, what is -53 + -22553420?
-22553503
In base 3, what is -201002011112012100 - 10?
-201002011112012110
In base 13, what is -7ac8 - -c7?
-7a01
In base 3, what is -2222 - 21001001?
-21011000
In base 7, what is 41 + 14446260?
14446331
In base 13, what is 29bb3c9 - -4?
29bb400
In base 6, what is 3 - 1253201514?
-1253201511
In base 10, what is -2 - -16093011?
16093009
In base 12, what is 12598 - 2458?
10140
In base 13, what is -22 + 215047?
215025
In base 5, what is -13004221 - -1003?
-13003213
In base 13, what is -5a430 + -228?
-5a658
In base 6, what is 15334233524 - -5?
15334233533
In base 13, what is 3 + 6712bbb?
6712bc1
In base 6, what is 2 + 24035501053?
24035501055
In base 5, what is 141400012432 + -24?
141400012403
In base 4, what is 13030003 + 101230?
13131233
In base 7, what is 6 - -163321?
163330
In base 5, what is -1 - 1031020244?
-1031020300
In base 14, what is -5 - -2cdb?
2cd6
In base 5, what is -33220424 - 1040?
-33222014
In base 11, what is 940aa + -13?
94097
In base 10, what is -749797 + -169?
-749966
In base 14, what is -1b8d8 - -26b?
-1b66b
In base 15, what is -cb6 + -dd18?
-eace
In base 8, what is -136053507 + -15?
-136053524
In base 14, what is -53ad35 - 1?
-53ad36
In base 14, what is -b75 + -11d?
-c94
In base 4, what is -1333001 + 1212220?
-120121
In base 10, what is 82014 - -2263?
84277
In base 2, what is -100010001 - -100100111100001?
100100011010000
In base 16, what is -f82 - 2c3?
-1245
In base 16, what is -348e6be - 5?
-348e6c3
In base 12, what is -13 - b42bb7?
-b4300a
In base 7, what is -6 - 66300360?
-66300366
In base 11, what is -3 + 158a208?
158a205
In base 9, what is -21 + -677212?
-677233
In base 8, what is 63 - 1531105?
-1531022
In base 9, what is -23602 + -17724?
-42426
In base 12, what is -155 - -58266?
58111
In base 10, what is 9 - -110690?
110699
In base 13, what is 3b - 4678?
-463a
In base 12, what is 2022 + -97?
1b47
In base 14, what is -1 + 1ab64ba8?
1ab64ba7
In base 16, what is -2f + -5697e?
-569ad
In base 3, what is 2101 + 111002211110122?
111002211120000
In base 5, what is -11034244 - 1041?
-11040340
In base 11, what is -1 + 20593031?
20593030
In base 13, what is 0 - 66b7a?
-66b7a
In base 13, what is 33b9b + 102?
33ca0
In base 15, what is 96 - -48418?
484ae
In base 11, what is -6591 - -10152?
4671
In base 8, what is -536634344 - -3?
-536634341
In base 5, what is -424312310101 - -4?
-424312310042
In base 2, what is 11011111101 - 1100011110010?
-1000111110101
In base 13, what is 1425 + -b58?
59a
In base 2, what is 111000111011110101010 + 110?
111000111011110110000
In base 13, what is -193 - 18b8?
-1a7b
In base 10, what is 65466 + -2830?
62636
In base 15, what is -4 + -1d5b6d3?
-1d5b6d7
In base 14, what is 4 + 154ca7b8?
154ca7bc
In base 2, what is -10110000100 + -110111011110000110?
-110111110100001010
In base 13, what is -1139 + -c95?
-2101
In base 10, what is 7547158 - -9?
7547167
In base 9, what is -5014177 + 1?
-5014176
In base 16, what is 2 + 8392c0?
8392c2
In base 3, what is -1111021100102 - 11101?
-1111021111210
In base 14, what is 1b + 4259d77?
4259d94
In base 14, what is -9470a + 43?
-946a7
In base 7, what is 6 - -123423?
123432
In base 13, what is 0 + 49c46?
49c46
In base 13, what is 4c798 - 31?
4c767
In base 6, what is 201420542 + -2?
201420540
In base 5, what is -140002 + 111012?
-23440
In base 15, what is 3e - -44e4b7?
44e506
In base 14, what is 17a2d + 700?
1832d
In base 13, what is 8038 + 2a5?
8310
In base 5, what is 3043 + -10010114?
-10002021
In base 4, what is -13 - 11111